ime factors of 1837665?
3, 5, 97, 421
List the prime factors of 1131541.
467, 2423
List the prime factors of 145763.
71, 2053
List the prime factors of 1773885.
3, 5, 118259
List the prime factors of 616396.
2, 11, 14009
List the prime factors of 138744.
2, 3, 41, 47
What are the prime factors of 198908?
2, 49727
List the prime factors of 5610879.
3, 623431
What are the prime factors of 1535133?
3, 511711
List the prime factors of 28644936.
2, 3, 23, 51893
What are the prime factors of 6229958?
2, 7, 151, 421
What are the prime factors of 13695983?
7, 1213, 1613
List the prime factors of 105420.
2, 3, 5, 7, 251
What are the prime factors of 5169740?
2, 5, 258487
List the prime factors of 1057317.
3, 31, 11369
List the prime factors of 90849.
3, 11, 2753
List the prime factors of 1938440.
2, 5, 7, 23, 43
What are the prime factors of 346163?
41, 8443
List the prime factors of 11654810.
2, 5, 29, 40189
List the prime factors of 400294.
2, 233, 859
What are the prime factors of 13403?
13, 1031
What are the prime factors of 9915561?
3, 367243
What are the prime factors of 16737?
3, 7, 797
List the prime factors of 1636689.
3, 151, 3613
List the prime factors of 23657110.
2, 5, 23, 73, 1409
What are the prime factors of 13855029?
3, 59, 78277
What are the prime factors of 10218015?
3, 5, 75689
What are the prime factors of 7285144?
2, 910643
What are the prime factors of 595132?
2, 148783
What are the prime factors of 9261289?
59, 156971
List the prime factors of 633421.
73, 8677
List the prime factors of 1681320.
2, 3, 5, 14011
List the prime factors of 4236574.
2, 37, 57251
List the prime factors of 463460.
2, 5, 23173
List the prime factors of 136694.
2, 41, 1667
List the prime factors of 3474730.
2, 5, 7, 49639
What are the prime factors of 19941?
3, 17, 23
What are the prime factors of 1093595?
5, 218719
What are the prime factors of 105913?
105913
List the prime factors of 4080874.
2, 7, 291491
List the prime factors of 7757458.
2, 43, 90203
What are the prime factors of 3153281?
3153281
List the prime factors of 681643.
353, 1931
List the prime factors of 112934.
2, 56467
What are the prime factors of 503364?
2, 3, 41947
List the prime factors of 4776.
2, 3, 199
What are the prime factors of 30732166?
2, 61, 251903
List the prime factors of 9029.
9029
What are the prime factors of 11272425?
3, 5, 150299
What are the prime factors of 576176?
2, 36011
List the prime factors of 109940.
2, 5, 23, 239
List the prime factors of 58062.
2, 3, 9677
What are the prime factors of 11627969?
41, 283609
List the prime factors of 6035382.
2, 3, 335299
What are the prime factors of 135476?
2, 11, 3079
List the prime factors of 596114.
2, 23, 12959
What are the prime factors of 631167?
3, 61, 3449
What are the prime factors of 135270?
2, 3, 5, 167
What are the prime factors of 1246955?
5, 113, 2207
List the prime factors of 5516.
2, 7, 197
What are the prime factors of 8336947?
2521, 3307
List the prime factors of 342287.
11, 29, 37
List the prime factors of 11577512.
2, 1447189
What are the prime factors of 22583448?
2, 3, 11617
List the prime factors of 28078.
2, 101, 139
List the prime factors of 535933.
19, 67, 421
List the prime factors of 339255.
3, 5, 7, 359
What are the prime factors of 11591534?
2, 5795767
List the prime factors of 275104.
2, 8597
List the prime factors of 28460.
2, 5, 1423
List the prime factors of 908851.
908851
List the prime factors of 3487159.
13, 17, 31, 509
What are the prime factors of 8182705?
5, 1636541
What are the prime factors of 143373?
3, 47791
What are the prime factors of 17353922?
2, 941, 9221
List the prime factors of 133659.
3, 14851
What are the prime factors of 824932?
2, 206233
List the prime factors of 4219202.
2, 13, 162277
List the prime factors of 4459867.
107, 41681
List the prime factors of 18458219.
13, 877, 1619
What are the prime factors of 12647800?
2, 5, 11, 5749
What are the prime factors of 228481?
11, 20771
What are the prime factors of 12866962?
2, 257, 25033
List the prime factors of 2500556.
2, 233, 2683
List the prime factors of 970114.
2, 31, 15647
List the prime factors of 2168850.
2, 3, 5, 19, 761
List the prime factors of 727107.
3, 17, 53, 269
What are the prime factors of 211048?
2, 23, 31, 37
List the prime factors of 325902.
2, 3, 29, 1873
What are the prime factors of 4265957?
67, 63671
List the prime factors of 2865501.
3, 23, 109, 127
List the prime factors of 49149.
3, 43, 127
What are the prime factors of 5500919?
31, 61, 2909
What are the prime factors of 16090587?
3, 19, 73, 1289
What are the prime factors of 6063532?
2, 887, 1709
List the prime factors of 5212075.
5, 11, 1723
What are the prime factors of 6010?
2, 5, 601
List the prime factors of 654492.
2, 3, 54541
List the prime factors of 57036.
2, 3, 7, 97
What are the prime factors of 33249458?
2, 11, 37, 40847
What are the prime factors of 361603?
11, 71, 463
What are the prime factors of 16880317?
16880317
What are the prime factors of 219175?
5, 11, 797
List the prime factors of 9472406.
2, 347, 13649
What are the prime factors of 702693?
3, 163, 479
List the prime factors of 4999961.
4999961
List the prime factors of 515078.
2, 257539
What are the prime factors of 598507?
7, 13, 6577
What are the prime factors of 227456?
2, 1777
What are the prime factors of 5188199?
2179, 2381
List the prime factors of 4101245.
5, 19, 23, 1877
List the prime factors of 2264126.
2, 1132063
List the prime factors of 1691534.
2, 13, 17, 43, 89
What are the prime factors of 13387785?
3, 5, 139, 6421
List the prime factors of 19639574.
2, 41, 53, 4519
List the prime factors of 154347.
3, 51449
What are the prime factors of 92554?
2, 7, 11, 601
List the prime factors of 4525638.
2, 3, 13, 17, 3413
What are the prime factors of 398805?
3, 5, 11, 2417
What are the prime factors of 193003?
193003
List the prime factors of 8610936.
2, 3, 37, 9697
List the prime factors of 1203920.
2, 5, 101, 149
List the prime factors of 90486.
2, 3, 11, 457
What are the prime factors of 1715375?
5, 13723
List the prime factors of 362862.
2, 3, 19, 1061
What are the prime factors of 5068507?
5068507
List the prime factors of 3005130.
2, 3, 5, 109, 919
List the prime factors of 737069.
17, 191, 227
What are the prime factors of 169704?
2, 3, 2357
What are the prime factors of 1223946?
2, 3, 97, 701
List the prime factors of 262160.
2, 5, 29, 113
What are the prime factors of 20115836?
2, 13, 131, 2953
What are the prime factors of 491479?
47, 10457
What are the prime factors of 1676535?
3, 5, 7, 2281
What are the prime factors of 27513598?
2, 7, 280751
List the prime factors of 170057.
170057
What are the prime factors of 585416?
2, 13, 433
List the prime factors of 7238148.
2, 3, 257, 2347
List the prime factors of 137299.
31, 43, 103
What are the prime factors of 151393?
11, 13763
List the prime factors of 21917478.
2, 3, 11, 83, 4001
List the prime factors of 1237347.
3, 137483
List the prime factors of 10409426.
2, 5204713
What are the prime factors of 14879372?
2, 109, 34127
What are the prime factors of 1377610?
2, 5, 13, 10597
What are the prime factors of 150397?
13, 23, 503
List the prime factors of 164817.
3, 18313
What are the prime factors of 2810601?
3, 312289
What are the prime factors of 504308?
2, 7, 31, 83
What are the prime factors of 82950?
2, 3, 5, 7, 79
List the prime factors of 2724490.
2, 5, 272449
List the prime factors of 775938.
2, 3, 79, 1637
List the prime factors of 10959990.
2, 3, 5, 365333
What are the prime factors of 232377?
3, 29, 2671
What are the prime factors of 38995996?
2, 13, 749923
What are the prime factors of 11746117?
31, 149, 2543
List the prime factors of 402233.
13, 30941
List the prime factors of 783339.
3, 31, 8423
What are the prime factors of 101043?
3, 103, 109
List the prime factors of 1920283.
1920283
List the prime factors of 3080973.
3, 7, 20959
List the prime factors of 5172931.
223, 23197
List the prime factors of 8713735.
5, 43, 40529
What are the prime factors of 786609?
3, 71, 1231
List the prime factors of 3091182.
2, 3, 677, 761
List the prime factors of 3703259.
7, 529037
List the prime factors of 160819.
73, 2203
What are the prime factors of 1893970?
2, 5, 13, 17, 857
List the prime factors 